Is y/8 + (-983)/(-8) a prime number?
False
Let p be 1701/(-42)*(-2)/(-1). Let g = p + 340. Is g a composite number?
True
Let x(k) = k**3 + 4*k**2 + 2*k + 6. Let a be x(-4). Let l be 105/25 - a/(-10). Suppose l = 4*p, -z - 2*p - 3*p + 188 = 0. Is z a composite number?
True
Is 18/(-33) + 1046981/143 prime?
True
Suppose -7*u + 10388 = 2247. Suppose 2*c = 5*i + 1313, -5*i + u = 5*c - 2207. Is c a composite number?
True
Suppose -j + 2*f + 28 = 0, 6*j - 3*j = -3*f + 75. Let b = 31 - j. Suppose -3*y - 582 = -b*y. Is y a prime number?
False
Suppose -2*x = -5*x + 2*p + 15909, -5*x + p + 26522 = 0. Is x a composite number?
True
Let i be (4 - -4)*(-70)/4. Let d = i + 301. Is d prime?
False
Suppose y - 1180 = 3*s - 159, -s - 5*y = 367. Let d be 4 + 1 + (-3 - -1) - -1. Is s/(-4) + 6/d a prime number?
False
Suppose -360 = -3*l + 378. Let k = l - 152. Is k a prime number?
False
Suppose 12141 - 39752 = -m. Is m a prime number?
True
Let k be (-7)/((-105)/12)*35. Let j = k - 26. Suppose j*a - 540 = 2*t, a = -0*a - 2*t + 261. Is a composite?
True
Is 2556 + (2 + 3 - (-44)/(-11)) a composite number?
False
Suppose -41*q + 208987 = -206548. Is q a composite number?
True
Let u(z) = -z**3 + 23*z**2 - 16*z - 65. Is u(17) a composite number?
True
Let s be (-2)/4 + -3*4/(-24). Suppose 13*d - 7125 - 25310 = s. Is d a prime number?
False
Let k = 11 - 9. Let m(d) = -48 + 47 + 4*d + 6*d**3 - 2*d**k + 7*d**2. Is m(4) prime?
True
Is ((-2)/3)/((-30)/988335) a composite number?
True
Let r be 18/4*4/6. Is (3 - 2) + 1488/(r + 1) composite?
False
Let c = 5703 + -3188. Suppose 9*t = 8*t + c. Is t a prime number?
False
Suppose 143133 = 3*p + 4*g, 0 = -5*p + 7*p + 4*g - 95422. Is p prime?
True
Let m be (-1)/(-5) + 42/15. Suppose 1736 = y + m*y. Suppose y = l + l. Is l composite?
True
Suppose 5 = -8*a + 3*a. Is -1 - -3 - 4 - 216/a prime?
False
Let a(z) = 7*z - 9. Let g = 30 + -26. Is a(g) a composite number?
False
Let w(n) = -n**2 + 2*n - 1. Let l be w(1). Is -3 - (1 + -288 + l) - -3 a composite number?
True
Suppose 31*v - 26*v = 9725. Is v a prime number?
False
Suppose h + h - 58 = -4*r, 1 = -h. Let b = 19 - r. Is (2 - 6) + 2540/b a composite number?
False
Let i(u) = -417*u + 30. Let l be i(5). Let c = l - -2962. Is c composite?
False
Let t = 91 + 120. Is t*1*10/2 a prime number?
False
Suppose 5*m - 13904 = -2*p + 3*m, 2*m = 5*p - 34725. Is p a prime number?
True
Suppose 105899 = 5*m - 2*k, -k - 20252 = -3*m + 43288. Is m prime?
False
Let p(s) = -27*s**3 - s**2 + 2*s - 13. Is p(-3) prime?
True
Suppose -5*p = 5*u - 33900, -p + 13562 = 2*u + 3*p. Is u composite?
False
Suppose -118*s = -117*s - 9491. Is s a prime number?
True
Suppose 3*c = 295 - 31. Is (-22)/c - (1 + 201/(-4)) a composite number?
True
Is (26698/2 + -3)*11/22 a prime number?
True
Is (-1)/((-6)/4) + (-35815)/(-39) prime?
True
Suppose 2011*f - 2010*f - 83497 = 0. Is f composite?
False
Let k(q) = 102*q + 31. Is k(3) a composite number?
False
Let v = 1118 + -799. Is v a composite number?
True
Suppose 2*l - 43635 = -l. Suppose 2*h - 5818 = -2*c, 2*h - l = -3*h - c. Is h composite?
False
Let a = -9 + 11. Suppose 4*q - 6 = a*q. Suppose 4*z - 3*x - 277 = -0*x, 143 = 2*z - q*x. Is z prime?
True
Suppose 2*i = -i + 15. Let x be (2 - (-6)/9)*(-6)/(-4). Suppose 4*n - 842 = 2*z, i + x = -3*z. Is n a composite number?
True
Let h(u) = -u + 12. Suppose 0 = 3*i + i + 3*g - 39, -32 = -4*i + 4*g. Let d be h(i). Is 78 + d/(-2 + -1) composite?
True
Suppose 4*u + 5 = -3*m + 1, -2 = 2*u. Suppose 49 = 18*h + 13. Is -41*(h + m + -15) prime?
False
Suppose -3*o + 1367 = -0*f - f, 2*o + 4*f = 902. Let t = o - 292. Is (t/(-4))/((-5)/20) a prime number?
True
Suppose 252048 - 64947 = 9*o. Is o prime?
True
Let b(h) = 192*h**2 + 5*h + 17. Let y be b(12). Suppose 3*g - s - y = 4*s, -9239 = -g + s. Is g prime?
False
Let m(c) = -150*c + 2. Let n be m(2). Let x = n - -743. Is x a composite number?
True
Let m(w) = 42*w**2 + 3*w + 1. Let s be m(-9). Let j = 5985 - s. Is j a prime number?
True
Let l(h) = 6 - 3 + 5*h - 1. Let g be l(-2). Is (-22)/g - (-3)/12 prime?
True
Suppose -5*x + 29*z - 30*z = -111234, 3*x - 4*z - 66745 = 0. Is x composite?
False
Suppose -11*l - 20 = -16*l. Suppose 0 = l*g - 4*b + 580 - 1788, -1507 = -5*g + 4*b. Is g prime?
False
Suppose -x - 4*h = -18, 0 = 4*x - 5*h - 0*h + 12. Let s = x + 0. Let z(f) = 5*f**3 + f**2 + f. Is z(s) composite?
True
Let g = 27 + -11. Let z = -9 + g. Suppose -j = -2, 2*v + z*j - 3*j - 138 = 0. Is v a composite number?
True
Let p(h) = -h**2 + 15. Let m be p(0). Let x(v) = -v**2 + 16*v - 12. Let z be x(m). Is z - (-1 + 4 + -191) a composite number?
False
Let w = -87 + 93. Suppose -2*g - 525 = -p, -p - 2601 = -w*p - 2*g. Is p a composite number?
False
Is -8 - (-3793 - (9 + -3)) prime?
False
Let v(i) = -2*i - 11. Let g be v(-7). Suppose -4*n - 4729 = -g*c, 5*n - 1589 = -c - 0*c. Suppose 3*r + 773 = 2*s, 5*r - c = 2*s - 6*s. Is s a prime number?
False
Is 9880/3 + 0 + 2/(-6) a prime number?
False
Let r(y) = 6*y**3 + 5*y**2 + 9*y - 13. Is r(11) composite?
False
Let b be -3*-2*8/12. Suppose 5*l = -r - 469, b*r - 67 = 3*l + 196. Let j = 190 + l. Is j a prime number?
True
Suppose -5*q - 2*z - 2*z = -136973, -5*q - z + 136982 = 0. Is q composite?
False
Suppose -247 + 105 = -a. Is a a composite number?
True
Let h(f) = -7*f + 8. Let z be h(-6). Let b be (-10)/z + 62/10. Suppose -b*v + v = -4445. Is v prime?
False
Let o be (1114/(-4))/((-4)/8). Suppose 3*d = 8*d, -b + d = -o. Is b composite?
False
Let t = 166 - 106. Is ((-1)/(-3) - (-4960)/t)/1 prime?
True
Suppose -13*k + 14409 = -9524. Is k composite?
True
Suppose 4*r = -5*v + 50, 2*r - 5 = 5*v + 5. Let c(g) = 27*g**2 - 18*g**2 - r*g - 9 + 26*g**2 + 5. Is c(5) prime?
True
Let s be (2/(-4))/((-20)/(-4320)). Is (-9)/(s/8) - (-1756)/3 composite?
True
Let n = 28 - 24. Is (n/2)/((-2)/(-71)) composite?
False
Let k be (-197)/(-2) - (-1)/2. Let x = 1073 - 634. Suppose 0 = -4*z + x - k. Is z prime?
False
Let x = 5 + -8. Is (-2)/x - 31889/(-33) prime?
True
Suppose 0 = -3*l - 3*n - 63, 3*l - n + 105 = -2*l. Let m = 44 + l. Is m a prime number?
True
Suppose -4*f + 4*k - 8*k + 25960 = 0, 3*f - 19460 = -k. Is f a prime number?
False
Let s(i) = -i. Let a(q) = -127*q + 43. Let c(j) = -a(j) - 6*s(j). Is c(18) a composite number?
False
Let t be (-313)/(-7) - 6/(-21). Is 4/10 + 3987/t prime?
True
Suppose -u + 4*u - 15 = 0. Suppose -u*k + 1883 + 2072 = 0. Is k a prime number?
False
Let r be -4 + 7*(1 + -204). Let i = r - -851. Let d = i - -1115. Is d a composite number?
False
Let y(b) be the second derivative of -7*b**5/10 + b**4/12 + 2*b**3/3 + 3*b**2 - b + 11. Is y(-3) prime?
False
Suppose 9*o - 13*o + 31468 = 0. Is o prime?
True
Let h be (3 + -2)*(2 - 33). Let u = h + 47. Suppose 0 = -7*c + 3*c - u, 0 = -4*b - 2*c + 48. Is b composite?
True
Let v(g) be the first derivative of -231*g**2 - 15*g - 9. Is v(-3) a composite number?
True
Suppose 0 = 9*d - 0*d - 4473. Is d a prime number?
False
Let g = -19310 + 48061. Is g a prime number?
True
Is -18*5/(-15) - -11207 composite?
False
Let n(x) = -117*x**3 - 5*x**2 - 39*x - 245. Is n(-8) composite?
False
Let w(v) = v**2 + 19*v + 15. Let y be w(-18). Is y/9 - 10100/(-15) composite?
False
Suppose -4*p = -0*p + 12. Let h be (4/p)/((-5)/15). Suppose 0 = -3*k - 4*l + 303, -h*l = -4*k - 2*l + 382. Is k composite?
False
Let o(r) = 9620*r**2 + 35*r - 36. Is o(1) a prime number?
True
Let m(k) = -3*k**2 + 6*k + 557. Is m(0) composite?
False
Is 16/(-40) - (-63874)/10 composite?
True
Let u(z) be the first derivative of -z**4/4 + 7*z**3/3 + 3*z**2 - 13*z + 9. Is u(6) composite?
False
Suppose 24*w - 20*w - 53042 = -i, 2*w = 2*i + 26526. Is w a prime number?
False
Suppose -54 = 2*f - 50. Let w(p) = -375*p**2 + 15*p + 3. Let m(g) = -125*g**2 + 5*g + 1. Let j(v) = -7*m(v) + 2*w(v). Is j(f) composite?
False
Suppose 0 = -2*u - 4*b - 419 + 47, 5*u + 875 = b. Let n = 98 + u. Let t = n + 109. Is t prime?
True
Let w(r) = r**3 + 11*r**2 + 10*r + 3. Let z be w(-10). Is (z + -1)*489/6 composite?
False
Suppose 3*u + 107720 = 48*s - 44*s, 5*s - 4*u - 134649 = 0. Is s a composite number?
True
Suppose 0 = 14*v - 15*v + 44351. Is v a prime number?
True
Suppose -169*p + 202*p - 5580663 = 0. Is p prime?
True
Let c(k) = 371*k**2 - 2*k + 15. Let t be c(-3). Suppose 3*l - t = 3*a, 